 = -0*n + 5*n. Calculate the greatest common divisor of g and n.
60
Suppose -58*w - 8280 = -62*w. Suppose -16*j = -1050 - w. Calculate the highest common factor of j and 117.
39
Let j = -527 + 558. Suppose -43*p + 46*p - 4929 = 0. Calculate the highest common divisor of p and j.
31
Let p(t) = 7*t + 53. Let a be p(-7). Suppose 0 = a*k - k - 63. Let x be (-318)/(-7) + (-9)/k. Calculate the greatest common factor of x and 45.
45
Suppose 4*c - 447 = c. Suppose -2*b + 145 = -c. Calculate the greatest common divisor of 196 and b.
49
Suppose 110*c - 19305 = 68*c - 23*c. Suppose r = 20 + 2. What is the greatest common divisor of c and r?
11
Let p = 7070 - 1058. What is the greatest common factor of p and 108?
36
Let d = 36 + -19. Suppose c + 5*m - 502 = 0, c - 552 = -924*m + 929*m. What is the highest common divisor of d and c?
17
Suppose 21 = 5*k - 2*o + 2, 0 = -4*k - o + 10. Let m = k + 96. Calculate the greatest common divisor of m and 18.
9
Let m be -3 - (-7)/2 - (-77)/14. Let p be (-3)/m*-6 - (-94 + 17). Calculate the highest common divisor of 520 and p.
40
Let x be 727 + -2*(-10)/5. Suppose 15*f + x = 71. Let j be (f/10)/((-1)/25). Calculate the greatest common factor of 10 and j.
10
Suppose 5*u = 2*p + 158, p = -0*u - 2*u + 56. Let z = -2334 + 2262. Let o = z + 402. Calculate the greatest common divisor of o and u.
30
Suppose 0 = 3*g + 2*g - 130. Let i(s) = 2*s**2 + 8*s + 3. Suppose 2*j = 8*j + 30. Let m be i(j). Calculate the greatest common divisor of g and m.
13
Let c be 4 - (26317/(-4) + (-62)/(-248)). What is the highest common factor of 29 and c?
29
Suppose 7*v - 266 = 3969. What is the greatest common divisor of v and 33?
11
Let i(j) = 569*j + 4562. Let t be i(-8). Calculate the highest common divisor of 10345 and t.
5
Let b = -17919 - -17925. What is the greatest common factor of 14586 and b?
6
Suppose -4 = 2*n, -4*u + 174 = -2*u + 3*n. Let k be (u/(-20))/(3/4). Let v be ((-42)/(-35))/(k/(-100)). What is the highest common factor of v and 4?
4
Let o(v) = 55*v**2 - 2*v. Let i be o(-2). Let l = -100 + i. Suppose -2*t + k + 658 = 3*t, -4*k = -t + l. Calculate the highest common divisor of t and 12.
12
Let p = -168 - -174. Suppose 5*z - 10 = 0, -2*s - 2*z = -p*z - 280. Calculate the greatest common factor of s and 9.
9
Let q = 19 + -29. Suppose -5*s = -3*s - 2. Let u = s - q. What is the greatest common factor of u and 11?
11
Let x = 39 + 45. Let v(a) = -a**3 + 30*a**2 - 57*a + 70. Let r be v(28). What is the highest common factor of r and x?
42
Let y = -4185 + 4470. What is the highest common factor of y and 20?
5
Let m(i) = -645*i + 3877. Let r be m(6). What is the highest common factor of r and 2513?
7
Let d(b) = -3*b - 54. Let u be d(-19). Suppose -4*a = -u*q - 271, 44 = a + q + 3*q. Suppose -8*i + 7*i = -a. Calculate the highest common divisor of 16 and i.
16
Let r(i) = -7*i - 40 - 14 - 29*i**2 - 80 - i**3. Let a be r(-30). What is the greatest common divisor of a and 16?
16
Let w = -2748 - -2754. Calculate the highest common divisor of 1368 and w.
6
Let c be (-2)/(-5) + 3294/15. Suppose -5*r - 35 = -c. Let p = 56 - r. Calculate the greatest common divisor of 171 and p.
19
Let w(j) = -15*j. Let l be w(-3). Let i = -12605 - -12686. What is the highest common divisor of l and i?
9
Suppose 4*n + 4*k - 20 = 0, -4*k - 16 + 9 = n. Let t be ((-7)/2)/(3/18). Let z = 6 - t. What is the highest common divisor of n and z?
9
Suppose -7*k + 16*k = 0. Suppose 5*j - 9*j + 225 = 3*u, k = -3*u - 15. What is the highest common factor of j and 36?
12
Let g be (69/(-46) - -4)*672. What is the highest common divisor of 405 and g?
15
Suppose 220*c = 361*c - 31020. What is the highest common factor of c and 2570?
10
Suppose -5*k - 74 = -64. Let b be 400/(2 + 3) - k/(-1). What is the greatest common divisor of 858 and b?
78
Suppose -5*d = -3*g - 141, d - 2*g - 114 = -3*d. Let q be ((-16)/(-34))/(376/3196). Calculate the greatest common divisor of d and q.
2
Let b = 59 - 19. Let y = -42 + b. Let d be 6*y/(-30)*15. Calculate the greatest common divisor of 30 and d.
6
Suppose -a + 152 + 5700 = 10*a. Calculate the highest common factor of 285 and a.
19
Let o = -639 + 694. Suppose -n = 5*b - 80, -3*b + 2*n - o = -6*b. What is the highest common factor of b and 1215?
15
Let h be (1 - 65/(-10))*(-16)/(-10). Let y be 2*h + 15 + -17. Calculate the greatest common divisor of 308 and y.
22
Suppose 2*n + p = -109, 0 = 2*n - 3*n - 2*p - 62. Let r = 39 - n. What is the highest common factor of 14 and r?
7
Let v = 21002 + -20846. What is the greatest common factor of v and 1508?
52
Let w = 223 + 108. Let d = w - 283. What is the highest common factor of 216 and d?
24
Let i = 3898 + 102. What is the greatest common divisor of i and 96?
32
Let g be (-9 + 273/(-65))*5/(-3). Let n(u) = u**3 - 5*u**2 + u - 20. Let s be n(6). What is the greatest common factor of s and g?
22
Let i = 278 - 106. Let g = 112 - i. Let b = 102 + g. What is the highest common divisor of 28 and b?
14
Let g(m) = -665*m - 8. Let o be g(-2). Let l = 1883 - o. Suppose -93 = 3*r - l. What is the greatest common divisor of 12 and r?
12
Let d(m) = -5*m**2 - 70*m - 9. Let n(v) = 7*v - 13. Let p be n(0). Let t be d(p). Suppose 5 = -q + 13. What is the greatest common divisor of q and t?
8
Let a be 0 + 2/(-1) + 6. Let x be (1 - (5 - a)) + -3 - -147. Calculate the greatest common divisor of 18 and x.
18
Let l(u) = 27*u + 165. Let r = -702 - -696. Let x be l(r). Let t = 82 - 58. What is the greatest common divisor of t and x?
3
Suppose 0 = 5*w + 2*g - 26, -5*g = -3*w - 9 + 37. Let p(c) = 330*c**2 - 4615*c - 4. Let t be p(14). What is the highest common divisor of w and t?
6
Let t = -5560 - -7304. What is the greatest common factor of t and 32?
16
Suppose 0 = 106*m - 107*m + 7. Suppose -m*h + 588 = -3*h. Suppose 2*t = -5*j + 17, 2*j - 100 = -5*t + j. What is the highest common divisor of h and t?
21
Suppose 106*h - 16995 = -203*h. Suppose -3*m - d = -365, 0 = -m - 2*d - 0*d + 125. Calculate the highest common factor of m and h.
11
Let t(j) = -16*j - j**2 + 37*j + 13 - 30*j. Let g be t(-9). What is the highest common divisor of g and 130?
13
Let t(y) = 2*y**3 + 3*y - 2. Let z(s) = -2*s - 16. Let u be z(-9). Let r be t(u). Let l = r - -16. Calculate the greatest common divisor of 24 and l.
12
Suppose 2*i - 8*r - 18 = -4*r, i = 5*r - 6. What is the greatest common factor of i and 152?
19
Let z = -734 + 824. What is the highest common factor of z and 1560?
30
Suppose 3*t = -5*w + 180224 + 13405, t - 116179 = -3*w. What is the highest common factor of w and 39?
39
Let k be (-70 - -660) + (5 - (0 - 1)). Let f = 947 - k. What is the greatest common divisor of 26 and f?
13
Suppose -31*b + 55 + 38 = 0. Suppose 2*n + 4*z - z = 367, b*n - 553 = -5*z. What is the greatest common factor of 11 and n?
11
Let v = 30 - -219. Let t = 288 - v. What is the greatest common factor of t and 3?
3
Suppose -71*f = -67*f + 3*c - 11169, -4*f + 2*c = -11154. What is the greatest common divisor of 180 and f?
90
Suppose 65*k + 2438 = -39*k + 75758. What is the highest common factor of 180 and k?
15
Let h(m) = 16*m - 658. Let a be h(42). What is the greatest common divisor of 3584 and a?
14
Let a be (-1 + 39/(-6))/(3/(-8)). Calculate the highest common divisor of a and 590.
10
Suppose -4208 = -24*c + 8*c. Let s = c - 173. Suppose -l + 0 + 9 = 0. What is the greatest common divisor of l and s?
9
Suppose -3*f + 18*f - 2450 = 3010. What is the greatest common factor of f and 2366?
182
Suppose 4*t - 22 = v - 43, 2*t = v - 13. Suppose -3*o + 469 = 5*m - 76, 3*m = 2*o - 395. What is the greatest common divisor of v and o?
5
Let j = 20940 + -19840. Calculate the greatest common factor of 475 and j.
25
Suppose -253*p + 720 = -248*p. Let x be ((-1848)/110)/(1/(20/(-3))). What is the greatest common divisor of p and x?
16
Suppose 3 = 3*z, -3*z - 27 = -2*r + 12. Let j = 131 - 131. Suppose 118*f - 114*f - 84 = j. Calculate the greatest common factor of f and r.
21
Let d = 556 - 1081. Let f be (12/10)/((-42)/d). Calculate the highest common factor of f and 60.
15
Suppose -15*u + 13231 + 14264 = 0. Calculate the highest common divisor of 3 and u.
3
Let h = 188 - 153. Let l = h + -11. Let z(p) = -2*p + 1. Let x be z(-1). What is the highest common factor of